t common factor of 84 and l.
84
Suppose 3*u + 0*u = -2646. Let x be (u/30)/((-2)/10). Let q be 0 + 0 + -2 + 23. Calculate the greatest common factor of q and x.
21
Let p(l) = 97*l + 526. Let g be p(-5). Calculate the greatest common factor of 410 and g.
41
Let q(c) = -36*c - 41. Let z be q(-2). Suppose -5*y + 2 = -3*k + k, -5*k = -20. Suppose 2 = y*l - 122. Calculate the greatest common factor of z and l.
31
Suppose -4*s + 47 = 3. Let c = s - 6. Let b = c - -7. What is the highest common factor of b and 6?
6
Let t = 11 + -7. Let n = 25 + 11. What is the highest common divisor of t and n?
4
Let v(d) = -77*d + 2 + 29*d - 80*d. Let z be v(-1). Calculate the highest common factor of 10 and z.
10
Let f = -4251 + 4314. Suppose -3*x + 98 + 28 = 0. What is the highest common factor of f and x?
21
Suppose l = 6*l - 260. Suppose -p + w + 5 = 0, w + w + 22 = 5*p. Suppose -t + 65 = p*t. What is the highest common factor of l and t?
13
Suppose -5*c = -4*c - 7. Suppose -700 = -c*k + 210. Calculate the highest common factor of 10 and k.
10
Let i = -45 - -51. Let j be -2 - (1*-1044)/i. Calculate the greatest common divisor of j and 43.
43
Suppose p + 27 = 4*p + 3*c, -2*p + 5*c - 10 = 0. Suppose -u + 30 = 4*q - 3*q, -3*u - 118 = -p*q. What is the highest common factor of q and 104?
26
Let a(d) = d**3 - 16*d**2 - 20*d - 26. Let y be a(17). Let h = 101 + y. Calculate the highest common factor of 48 and h.
24
Let i be (-3 + 24)*108/(-21). Let h = 163 + i. Calculate the greatest common factor of 5 and h.
5
Let z = 1071 - 969. Calculate the highest common factor of z and 1122.
102
Suppose 21*b - 102 = 20*b. What is the greatest common factor of 60 and b?
6
Let t be 4/2 + 4 - -1. Let w(s) = s**2 - 6*s. Let m be w(t). Suppose -5*a + x - 3*x = -253, 4*a = -4*x + 212. What is the greatest common factor of a and m?
7
Let r = 12 + -8. Suppose m - 60 = -r*o, 5*o - 14 = 1. Suppose 2*q = 2*g - 72, g + 2*q = -0*q + m. What is the greatest common divisor of g and 60?
20
Let r be 830/2*(1 - 2). Let i = r + 607. Let c be (1/2)/(8/i). What is the greatest common divisor of 12 and c?
12
Let c(k) = 18*k**2 + 22*k - 380. Let m be c(14). What is the highest common divisor of 12 and m?
12
Suppose 1 = 3*p - 2. Suppose -2*n + n - 1 = 0, -4*r = 2*n - 10. Let a be (980/21)/(p/r). What is the greatest common divisor of a and 20?
20
Let w = 19 + -19. Suppose 15 = 5*r, -15 = -g - w*r + r. Suppose z = -0*z + 12. What is the greatest common factor of g and z?
6
Let v be (-56)/(-3)*1755/90. Calculate the highest common divisor of 21 and v.
7
Let g(j) = 4*j - 10. Let c(t) = t**2 - 6*t - 8. Let h be c(8). Let x be g(h). Suppose -102 + x = -5*p. What is the greatest common factor of p and 64?
16
Suppose 0 = 2*t + q - 33, 2*t - 26 = 5*q + 25. Let h = 205 - 115. What is the greatest common factor of t and h?
18
Let q be (-27)/6*1*-2. Suppose 2*a - 4 = -0*a. Let z(t) = 5*t**2 - 2*t + 2. Let v be z(a). What is the greatest common factor of v and q?
9
Let o = 24 - 26. Let u(l) = l**2 - 4*l - 5. Let q be u(o). What is the greatest common factor of 7 and q?
7
Suppose 11 = 3*n - o - 15, n = -4*o + 13. Suppose 16*t - 21 = n*t. What is the greatest common divisor of 21 and t?
3
Suppose 17*h - 342 = -206. What is the highest common factor of h and 7?
1
Let h(d) = -d**3 + 14*d**2 - 10*d - 23. Let w be h(13). Suppose r = -5*i - 0*i - 1, 0 = -2*r + 3*i + 11. Calculate the greatest common factor of r and w.
4
Let u = -28 + 19. Let y be (-3)/u*0 + 7. Let c be 2/y + 712/56. Calculate the greatest common divisor of 13 and c.
13
Let p(g) = -2*g + 18. Let j be p(7). What is the greatest common factor of 4 and j?
4
Suppose -m + 52 = q, -83 = -3*q + m + 69. Let s = 194 + -191. Calculate the highest common divisor of s and q.
3
Let z be (-28)/5*(-14 + 9). Let o be 1/(-7) + (-44)/(-14). Suppose -5*c - 2*r + o*r = -z, -2 = -2*c + 5*r. What is the greatest common divisor of 18 and c?
6
Let o be (2/2)/(9/(-72))*-1. Let b = 271 - 183. What is the greatest common divisor of o and b?
8
Suppose -14*q = -10*q - 72. Calculate the greatest common factor of q and 18.
18
Let d(s) = s - 8. Let y be d(18). Suppose 4*o - 85 = -2*w + 117, -o - w + 51 = 0. Calculate the greatest common factor of y and o.
10
Suppose -k + 60 = 2*n, -2*n + 4*k + 54 = 2*k. Let j = n - -31. Let y(z) = -4*z - 4. Let r be y(-6). Calculate the greatest common factor of j and r.
20
Suppose 48 = 3*q - 4*l, 27 = -q + 3*q - l. Let p be (3 + -24)*(2 + 3). Let a be (-30)/p - (-82)/7. Calculate the greatest common factor of a and q.
12
Let j(s) = 16*s**2 + 3*s + 2. Let b be j(6). Suppose -4*d + 2*r + 560 = -3*r, 0 = -4*d - 4*r + b. Calculate the greatest common divisor of 29 and d.
29
Suppose 6*c - 66 = 12. Suppose 5*d = -2*g + 5, d = 3*g - 8 + 26. Suppose 109 = r + d*s + 44, 0 = -2*s. Calculate the highest common factor of r and c.
13
Suppose 12 = 4*c, -4*s + 2*c - 78 = 4*c. Let a be (-22)/14 - s/(-49). Let q be (6 + -7)/(a/14). Calculate the greatest common divisor of q and 49.
7
Let v be (45/135)/(10/600). Let m be 3/6 - (-9)/2. Calculate the greatest common factor of v and m.
5
Let x(w) = 3*w**2 + 5*w - 5. Let m be x(-6). Let j = m + -63. What is the highest common factor of j and 80?
10
Let t be -18*(1 + -15 + -5). Calculate the highest common factor of t and 18.
18
Let d = -156 + 192. What is the highest common divisor of d and 4?
4
Let d = 613 + -289. What is the highest common divisor of 36 and d?
36
Suppose y - 3*y = -18. Let n(p) = 5*p + 17*p**2 + 1 - 40*p**2 + 9*p**2 + 15*p**2. Let v be n(-5). Calculate the highest common factor of v and y.
1
Suppose 0 = -3*k + 4*n - 484 - 96, 0 = 3*k - n + 577. Let m = -88 - k. Calculate the greatest common divisor of 26 and m.
26
Let s(a) = 5*a**2 - 4*a - 9. Let j be s(-3). What is the highest common factor of j and 112?
16
Let j be ((-8)/(-3))/(16/120). Suppose -j = -5*m, m + 0*m = 2*r. Calculate the greatest common factor of 14 and r.
2
Let l(b) = 18*b - 2. Let g(s) = s + 11. Let q be g(-6). Let w be l(q). Let m = w + -46. What is the greatest common factor of m and 28?
14
Let w be 4/((-64)/(-12)) + 1402/8. Calculate the highest common factor of 11 and w.
11
Suppose 0 = 5*y, y + y + 147 = 3*r. Suppose -5*v + 17 + 0 = b, -2*b - 2*v + 18 = 0. Calculate the highest common divisor of r and b.
7
Suppose 0 = -4*g - 100 + 348. Let h = g + -59. Calculate the greatest common divisor of 6 and h.
3
Suppose 4 + 4 = 4*w. Suppose 3*i - 46 = c, 7*i + c = w*i + 90. Let h be (-2)/4 - i/(-2). What is the greatest common divisor of 8 and h?
8
Suppose 0 = i - 4*i + 3*o + 30, 4*o + 25 = 3*i. Let q = i + -15. Let t be q - 3/(-3 + 0). Calculate the greatest common divisor of 7 and t.
1
Let i = 51 - 46. Let u be (6/4)/((-12)/(-32)). Suppose -i*v = u*t - 244, -t + 4 = 3. Calculate the highest common divisor of v and 12.
12
Suppose 102 = -27*t + 1128. What is the highest common factor of 513 and t?
19
Let a(y) = 16*y - 163. Let w be a(15). Calculate the greatest common factor of 583 and w.
11
Let p be 1/((-12)/(-762))*48/6. Calculate the greatest common divisor of 635 and p.
127
Let w be (-20)/(-5) - (-58 - (-6 + 3)). Calculate the highest common factor of w and 1711.
59
Suppose 3*p + 3*f = 108, -4*f + 32 = -3*p + 175. What is the greatest common factor of p and 164?
41
Let h(p) = -p**3 + 23*p**2 + 22*p + 70. Let q be h(24). Calculate the highest common factor of 198 and q.
22
Let k = 36 - 114. Let a = k + 155. Suppose -3*x = -2*x - a. What is the highest common factor of x and 11?
11
Let i(k) = -k**3 + 5*k**2 + 6*k. Let j be i(6). Suppose -y + 1 + 7 = j. Let t = 593 - 577. Calculate the greatest common factor of y and t.
8
Let s be 386/8 + 6/8. Suppose 13 = -3*r + s. Calculate the greatest common factor of r and 12.
12
Suppose -2*o + 72 = 4*o. What is the greatest common divisor of o and 168?
12
Let t(n) = -18*n - 60. Let x be t(-6). What is the greatest common divisor of x and 240?
48
Let v be (39/(-2))/(6/(-24)). What is the greatest common factor of 286 and v?
26
Let m(k) = k**2 + k - 6. Let s be m(6). Let l be 2 + 16 - (2 + (-24)/4). Suppose -24*h + 108 = -l*h. Calculate the greatest common factor of s and h.
18
Let t be 3*12 - (-3 - 1). Let d(u) = -u**3 - 9*u**2 - 5*u - 5. Let b be d(-8). Let i = t + b. What is the greatest common div